h = l*m - 3*h - 12, m + 4*h = -16. Suppose 2*x + m*x - 6 = 0. What are the prime factors of x?
3
Let h(q) = -19*q - 2*q**2 + 19*q + 13 + 47*q + 2*q. What are the prime factors of h(20)?
193
Suppose -4*s + 30*a - 33*a + 33518 = 0, 0 = 4*s - a - 33510. What are the prime factors of s?
2, 59, 71
Let s(t) = 10*t - 6. Let w be s(-6). Let d = -48 - w. List the prime factors of d + -4 + -4 - 0.
2, 5
Let o = 107 + -89. Let z be 3/2*o/27*3. Suppose -426 = -z*s + 135. List the prime factors of s.
11, 17
Let z(u) = -2*u**3 + 21*u**2 + 18*u + 77. List the prime factors of z(-9).
2, 29, 53
Let b(q) = -2743*q + 1518. What are the prime factors of b(-11)?
11, 43, 67
Let i = 138375 + -91484. What are the prime factors of i?
13, 3607
Let c = 15 + -15. Let z be c + (-36)/(-15) - 2/5. Suppose -3*h + 38 = z*a, -a + 20 = -4*h - 10. What are the prime factors of a?
2, 11
Let k be -8 + (0 + 3)*-2 + 5. What are the prime factors of 1294 + (k - -8) - 2/2?
2, 17, 19
Suppose 3*b = 9*b - 18. Suppose 12 = b*x, -3*x + 44 = -3*g + 7*g. Suppose 3*k = -2 + g. What are the prime factors of k?
2
Let d be ((-12)/(-8))/(3/(-30)). Let p be (-162)/(-1) + (2 + -4 - -5). Let k = d + p. What are the prime factors of k?
2, 3, 5
Let d(q) = q - 9. Let a be d(12). Let y = 29 - a. Suppose -y = -3*f - 2*x + 25, f - 4 = -5*x. List the prime factors of f.
19
Let s be 468/1 - ((-56)/7 - -5). Suppose 0 = 63*a - 66*a + s. List the prime factors of a.
157
Suppose 2*g + 0 = -3*k + 10, -3*k = -5*g + 67. Let q(l) = -4*l + 7. Let p be q(-6). Suppose -g*d + p = -10*d. List the prime factors of d.
31
Let f = -1500 - -2669. Suppose 0*u = -7*u + f. What are the prime factors of u?
167
Suppose -22*r - 8142 = -28*r. Let h = r - 795. What are the prime factors of h?
2, 281
List the prime factors of (-1 + 2)/(47/905408).
2, 7, 43
Suppose 4*s - 2*v + v = 3084, -2*s + v + 1542 = 0. List the prime factors of 1/(-2)*-4*s + 1.
1543
Let a(g) = -g**3 - 19*g**2 - 16*g + 38. Let t be a(-18). What are the prime factors of 103*(3 - (4/t + -3))?
2, 103
Let d = 3886 - 3171. List the prime factors of d.
5, 11, 13
Let i = -7678 - -12467. What are the prime factors of i?
4789
Suppose 98*s = 32*s + 144672. Suppose 3*g - 2*l - 1657 = -3*l, 4*g - 3*l = s. List the prime factors of g.
19, 29
Let m be (-6)/(-7)*140/30. Let c(p) = p**3 - 5*p**2 + 11*p - 8. Let r be c(m). List the prime factors of (48/(-14))/(r/(-490)).
2, 3, 7
Suppose 2*a = -5*g + 21124, 8633 = 2*a + 2*g - 12473. What are the prime factors of a?
53, 199
Let x(d) = d**2 - 10*d + 35. Let o be x(7). Suppose o*z + 1152 = 26*z. List the prime factors of z.
2, 3
Let i = -534 + 426. Let t(z) = 26*z**3 - 2*z**2 + z + 1. Let r be t(2). Let l = r + i. What are the prime factors of l?
5, 19
Let s be (46917/(-26))/(4/(-16)). Suppose -r = -19*r + s. List the prime factors of r.
401
Let z = -382 - -553. Let r be 4/18 + ((-14806)/(-198) - -15). Let b = z - r. List the prime factors of b.
3
Let f be 1 - 31/(-3) - (-10)/15. Suppose 24*m - 4320 = f*m. List the prime factors of m.
2, 3, 5
What are the prime factors of (-6624)/192*4458/(-9)?
23, 743
Let o(n) = 3*n + 19. Suppose 4*y + 10 = -98. Let p = -17 - y. List the prime factors of o(p).
7
List the prime factors of 5806/(12 - 11) + 10.
2, 727
Let h(i) = 85*i + 34. Let g be ((-9)/(-12))/(9/72). What are the prime factors of h(g)?
2, 17
Suppose 229 = 38*g - 37. What are the prime factors of (-3 - (g - 473)) + 3?
2, 233
Let l be (-2 + 3)*(1561 - (-8)/(-4)). What are the prime factors of (-36)/(-90) + -4*l/(-10)?
2, 3, 13
Let q = 210 - 158. List the prime factors of (q*(-10)/(-15))/(1/3).
2, 13
Let h = 6974 + -2999. What are the prime factors of h?
3, 5, 53
Let c = -7929 + 25919. List the prime factors of c.
2, 5, 7, 257
Let i be (-3 + -613)/((-56)/(-24) - 3). Let m = -292 + i. List the prime factors of m.
2, 79
Let n(v) = v**3 - 13*v**2 + v - 17. Let y be n(13). Let o(h) = -143*h - 43. What are the prime factors of o(y)?
23
Let n(o) = 8*o + 28. Suppose -10 = -2*t + 4*t. Let x be n(t). List the prime factors of 27/(-2)*184/x.
3, 23
Let u be ((-8)/(-10))/(6 - 151/25). Let t(a) = 2*a**2 + 22*a + 62. List the prime factors of t(u).
2, 211
Let r(a) = -5*a**3 - 11*a**2 + 21*a + 281. What are the prime factors of r(-12)?
5, 13, 109
What are the prime factors of 1 + 1/(3/(-3)) - (-10548 - -2)?
2, 5273
Suppose -3*h - 15 = 0, 0 = w + h + 1 - 6. Let p(d) = -16*d - 9*d - 13 + 34*d. What are the prime factors of p(w)?
7, 11
Suppose 0*x - 2*x - 14 = 0. Suppose 0 = 266*r + 199 + 432 - 99. What are the prime factors of (-3 - r)/(x/546)?
2, 3, 13
Let g = 500 - 717. Let f = 339 - g. What are the prime factors of f?
2, 139
Let j be (-2 - (-40)/18) + 33520/144. Suppose 343 = -6*x - j. Let f = -39 - x. List the prime factors of f.
3, 19
Let j = -25 - -28. Suppose 3*z = 5*y - j*y + 7, 5*z - 2*y - 9 = 0. Suppose 4*l = -z + 89. List the prime factors of l.
2, 11
Let n(j) = -2214*j + 3063. What are the prime factors of n(-10)?
3, 31, 271
Suppose -5*g = -2*l + 11675, -7*g - 23338 = -4*l - 9*g. Suppose 0*c + 5*y - l = -5*c, -4*c + y = -4648. List the prime factors of c.
1163
Let o = 6643 + -1629. What are the prime factors of o?
2, 23, 109
Suppose -29*d = -19*d - 20. What are the prime factors of -614*(-6)/(-8)*d/(-3)?
307
Let w(q) = q + 11. Let u be w(19). Suppose -4*j + 5*f = -6 - 10, u = 2*j + 3*f. Suppose -j*x = -4*x - 485. What are the prime factors of x?
97
Suppose 38*f + 3747 = 39*f - 5*g, -5*f - 3*g = -18707. What are the prime factors of f?
2, 1871
Suppose 11*x + 54707 = 311304. What are the prime factors of x?
23327
Suppose -40*v + 37*v = g + 3543, -v = -3*g + 1191. Let l be (0 + -6)*(-12)/(-9). What are the prime factors of -1 + v/l + 18/72?
3, 7
Suppose -4*y + 42675 = 3*q, 2*q + 3*y = 31967 - 3515. List the prime factors of q.
3, 7, 677
Let w = -216 + 224. Suppose -w*f + 132 = -140. What are the prime factors of f?
2, 17
Suppose 2*r = 3*h - r - 27, -15 = -5*r. Let v be (-1 - 212/h)*(-36)/(-8). List the prime factors of v*(0 + -2 - 9/(-6)).
2, 3, 7
Suppose -2*a + 383 = -5*p, 0 = -3*p + a - 3*a - 233. Let y = p - -176. Suppose -9*q + 396 = y. What are the prime factors of q?
3, 11
What are the prime factors of 13684/2 - 286/22?
6829
What are the prime factors of (-11)/((-1100)/(-140)) + 1309686/15?
7, 12473
Suppose 0 = 15*v - 39*v + 120. Let g(z) = 15*z**2 + 8*z + 3. What are the prime factors of g(v)?
2, 11, 19
Let g = -192 - -198. What are the prime factors of (-9)/g*3384/(-27)?
2, 47
Suppose 0 = -7*q - 5 + 40. Let s(d) = 41*d**2 - 5*d + 1. List the prime factors of s(q).
7, 11, 13
Let m(s) be the second derivative of 7/3*s**3 + 29/2*s**2 + 0 + 1/12*s**4 + 3*s. List the prime factors of m(-16).
61
Let d be 16888/12 - (-2)/3. Suppose 0 = 15*m - d - 1967. What are the prime factors of m?
3, 5
Let q be (-1)/((-3640)/600 - (0 - 6)). Suppose -5*k - 237 + 1007 = 0. Let h = k - q. What are the prime factors of h?
139
Let f(g) = g + 11. Let x be f(-10). Suppose -j - x - 2 = 0. List the prime factors of ((-4)/j)/((-6)/(-225)).
2, 5
Let c(a) = 3*a**3 + 5*a**2 - a + 15. Let n = -141 - -145. What are the prime factors of c(n)?
283
Suppose 5 + 5 = -o. Let q = -885 - -800. What are the prime factors of 918/q*o/(1 - -1)?
2, 3
Let y(p) = 5438*p + 305. List the prime factors of y(3).
16619
Let b be 12*(42/(-7) - -4). What are the prime factors of 3334/6 - -5*b/(-90)?
557
Let p(v) = -2*v**3 + 63*v**2 - 427*v - 53. List the prime factors of p(17).
1069
Suppose 2015 = -t - 3*d, 6057 = -45*t + 42*t - 5*d. Let n = -1440 - t. List the prime factors of n.
2, 73
Let d(w) = -25*w - 17. Let q(j) = -13*j - 9. Let i(h) = -6*d(h) + 11*q(h). Let n be i(1). Let r(x) = 13*x - 28. List the prime factors of r(n).
2, 3, 17
Let t(p) be the second derivative of 1/2*p**3 - 1/20*p**5 - 11/2*p**2 + 0 + 2/3*p**4 + 2*p. What are the prime factors of t(6)?
79
Let j(c) = -4 + 5*c**3 - 2*c**3 + 28*c - 23*c + 2*c**3 - 2*c**2. Suppose -b + 2*b = 3. List the prime factors of j(b).
2
Suppose -41*u = -38*u + 42. Let h(c) = -c**3 - 12*c**2 - 16*c + 63. What are the prime factors of h(u)?
7, 97
Let x(c) = -386*c + 358. List the prime factors of x(-20).
2, 7, 577
Let t(f) = 430*f + 3587. List the prime factors of t(26).
14767
Let o be ((-414)/5)/((-84)/(-560)). Let a = o + 981. What are the pri